06 a multiple of 748?
False
Is 2377 a factor of 325540552?
False
Is 187728980 a multiple of 10?
True
Is 1446581887 a multiple of 242?
False
Does 37 divide 1871312?
True
Is 329 a factor of 823231367?
True
Is 352256960 a multiple of 2090?
True
Is 5336826 a multiple of 66?
True
Does 47 divide 444125325?
True
Does 2781 divide 1016013130?
False
Is 52 a factor of 2217297100?
False
Is 329 a factor of 12161231?
False
Is 5544 a factor of 88088616?
True
Is 199068320 a multiple of 32?
True
Is 9548 a factor of 2045045586?
False
Is 1948 a factor of 86660676?
True
Is 69 a factor of 435884767?
False
Is 66131628 a multiple of 38?
True
Does 146 divide 251702955?
False
Does 2965 divide 149640585?
True
Does 47 divide 33675108?
False
Is 1917223747 a multiple of 13?
False
Is 18 a factor of 22571402?
False
Does 243 divide 111121956?
True
Is 243751618 a multiple of 11?
True
Does 239 divide 965373102?
True
Is 2070104 a multiple of 47?
False
Does 695 divide 247486025?
True
Is 3733844 a multiple of 51?
False
Does 488 divide 24641912?
False
Does 2659 divide 560880129?
False
Does 2742 divide 78728304?
True
Is 19020536 a multiple of 508?
True
Is 144 a factor of 81880560?
True
Does 10 divide 136974756?
False
Does 13 divide 17684875?
True
Does 280 divide 1645829759?
False
Does 956 divide 67648755?
False
Is 73 a factor of 118358462?
False
Is 1925 a factor of 34628825?
True
Is 103 a factor of 869223592?
True
Does 962 divide 445329542?
False
Is 19116916 a multiple of 14?
True
Is 10 a factor of 22006160?
True
Is 1801808513 a multiple of 44?
False
Is 140 a factor of 1110919832?
False
Is 7 a factor of 42725095?
True
Is 19105713 a multiple of 8?
False
Does 19 divide 39171426?
True
Is 5194458 a multiple of 414?
True
Is 11 a factor of 86707632?
True
Does 619 divide 55891986?
True
Does 570 divide 57894330?
True
Is 124167392 a multiple of 323?
False
Does 15 divide 498486617?
False
Is 464 a factor of 40455696?
True
Is 80 a factor of 22295930?
False
Is 245402193 a multiple of 541?
False
Is 696 a factor of 193930656?
True
Is 184915860 a multiple of 6?
True
Does 1943 divide 499176130?
True
Is 21 a factor of 836701307?
False
Is 258346825 a multiple of 11?
True
Does 228 divide 28953218?
False
Is 27 a factor of 20374706?
False
Does 1056 divide 36028439?
False
Is 26989232 a multiple of 254?
False
Is 34 a factor of 30502148?
True
Is 197634048 a multiple of 431?
False
Is 1002 a factor of 33722350?
False
Is 1651221 a multiple of 13?
True
Is 7 a factor of 127492251?
False
Does 5 divide 41394388?
False
Does 42 divide 293111398?
False
Does 15 divide 649015892?
False
Does 35 divide 289548662?
False
Is 47 a factor of 662977655?
False
Is 44 a factor of 99289740?
True
Is 482869985 a multiple of 523?
False
Is 1789605870 a multiple of 6?
True
Does 236 divide 706558512?
True
Does 826 divide 45999940?
True
Does 456 divide 30547896?
True
Is 12021718 a multiple of 29?
True
Is 11295690 a multiple of 54?
False
Is 1207340 a multiple of 20?
True
Does 90 divide 13090140?
True
Is 65 a factor of 33014084?
False
Does 37 divide 324136109?
False
Is 5899833 a multiple of 11?
False
Is 808398780 a multiple of 609?
True
Is 31099923 a multiple of 93?
False
Does 3 divide 883405259?
False
Does 12 divide 385133424?
True
Is 21 a factor of 202824573?
True
Is 114 a factor of 109976484?
True
Does 56 divide 67012200?
False
Is 842516 a multiple of 347?
True
Is 5452 a factor of 238317824?
True
Is 1308782111 a multiple of 323?
True
Is 99157040 a multiple of 2780?
True
Does 138 divide 33802340?
False
Does 250 divide 14990441?
False
Is 893580800 a multiple of 1280?
True
Is 821 a factor of 69292400?
True
Does 221 divide 5522127?
True
Is 255269694 a multiple of 45?
False
Is 3 a factor of 486520120?
False
Does 968 divide 358189958?
False
Is 43 a factor of 14646253?
False
Is 12 a factor of 52546692?
True
Is 1144 a factor of 23051600?
True
Is 751 a factor of 76565?
False
Does 16 divide 1477458544?
True
Does 279 divide 81386811?
True
Does 28 divide 102364276?
True
Is 1263109510 a multiple of 73?
True
Does 170 divide 1451682?
False
Is 237526625 a multiple of 125?
True
Is 189313144 a multiple of 2613?
False
Does 370 divide 812664409?
False
Is 2379341809 a multiple of 4092?
False
Does 358 divide 86375018?
True
Does 7870 divide 684900462?
False
Does 17 divide 933313974?
True
Is 85114960 a multiple of 7?
True
Is 15685170 a multiple of 15?
True
Is 68 a factor of 1318076?
False
Is 142022574 a multiple of 6?
True
Does 6 divide 6764287?
False
Is 96 a factor of 97967040?
True
Does 281 divide 818075581?
True
Is 55 a factor of 937652420?
False
Is 27 a factor of 44107362?
True
Does 163 divide 2990141275?
True
Does 173 divide 87879393?
False
Is 1518 a factor of 7382479?
False
Does 6 divide 575709525?
False
Does 470 divide 48072070?
True
Is 275411130 a multiple of 1333?
True
Is 534 a factor of 64097533?
False
Does 28 divide 7873404?
True
Is 163 a factor of 1909075968?
False
Is 31 a factor of 19733825?
True
Is 78093671 a multiple of 1477?
False
Is 131 a factor of 667533687?
True
Is 133969000 a multiple of 88?
True
Is 20 a factor of 116128459?
False
Is 45 a factor of 563914212?
False
Is 242304990 a multiple of 15?
True
Is 22 a factor of 85946256?
True
Is 4085076 a multiple of 69?
True
Is 1346124835 a multiple of 36?
False
Does 15 divide 451305?
True
Is 1722270219 a multiple of 1586?
False
Does 3149 divide 91078527?
True
Is 33 a factor of 331673034?
True
Does 21 divide 5758855998?
True
Does 1805 divide 112518285?
True
Is 240354689 a multiple of 130?
False
Is 364 a factor of 178384752?
True
Is 20914702 a multiple of 487?
True
Is 14469638 a multiple of 41?
True
Is 1988004497 a multiple of 88?
False
Is 1114913271 a multiple of 269?
True
Does 2270 divide 15892270?
True
Does 2825 divide 1360181771?
False
Does 55 divide 3203268603?
False
Does 2927 divide 1841807442?
False
Is 21602438 a multiple of 43?
False
Is 3246120 a multiple of 11?
False
Does 5 divide 1260222?
False
Is 22 a factor of 313296192?
True
Does 7 divide 23446531?
False
Does 144 divide 314926613?
False
Is 287 a factor of 13001709?
False
Is 57130500 a multiple of 50?
True
Does 11 divide 241992436?
False
Is 1088 a factor of 496398912?
True
Is 92 a factor of 506589076?
True
Is 584797027 a multiple of 151?
False
Is 338371834 a multiple of 1959?
False
Does 279 divide 71871951?
False
Does 84 divide 334676580?
True
Does 3554 divide 1491732672?
False
Is 64 a factor of 37285854?
False
Does 936 divide 2259951474?
False
Is 6536246 a multiple of 7?
False
Is 12177016 a multiple of 510?
False
Is 733765020 a multiple of 236?
False
Does 226 divide 2844511936?
True
Does 539 divide 58984926?
True
Is 303415231 a multiple of 6?
False
Does 81 divide 125206427?
False
Is 77246656 a multiple of 16?
True
Is 6 a factor of 15923387?
False
Is 671493 a multiple of 48?
False
Does 723 divide 7703576?
False
Is 59379009 a multiple of 10?
False
Is 32 a factor of 101140599?
False
Is 33 a factor of 99943894?
False
Does 9 divide 64766433?
False
Is 291 a factor of 353716320?
True
Is 5094074070 a multiple of 31?
True
Is 4296 a factor of 4077035347?
False
Does 20 divide 952193886?
False
Is 404373904 a multiple of 11?
True
Does 14 divide 1313561591?
False
Does 30 divide 605690880?
True
Is 8721711 a multiple of 3?
True
Does 176 divide 323984759?
False
Does 15 divide 11605026?
False
Is 2017 a factor of 556390520?
False
Does 138 divide 81156019?
False
Does 441 divide 239386707?
True
Is 313831933 a multiple of 21?
False
Is 35 a factor of 676039717?
False
Does 64 divide 60692288?
True
Is 1599202899 a multiple of 189?
True
Is 10357446 a multiple of 834?
True
Does 1527 divide 29613283?
False
Is 23734400 a multiple of 16?
True
Is 71219440 a multiple of 197?
True
Does 22 divide 51052100?
True
Is 287 a factor of 54244961?
False
Is 117 a factor of 61269300?
False
Is 90623358 a multiple of 6131?
False
Does 9 divide 27413946?
True
Does 10 divide 24104330?
True
Is 40277323 a multiple of 17?
False
Is 5739 a factor of 265187712?
True
Is 5151660 a multiple of 228?
True
Is 26169840 a multiple of 3?
True
Does 1015 divide 157344548?
False
Is 645749502 a multiple of 1082?
True
Is 5545920 a multiple of 424?
True
Is 1031405622 a multiple of 254?
False
Does 709 divide 266666440?
False
Is 29 a factor of 4478388336?
True
Does 17 divide 6456480?
False
Does 62 divi